 o - 3*o. What are the prime factors of c(-4)?
5
Let u(x) = x**3 + 17*x**2 + 10. What are the prime factors of u(-17)?
2, 5
Let o(a) = a + 12. Let f be o(-8). Suppose 0 = -2*m + 2*r + 24, 37 = f*m - m - 2*r. What are the prime factors of m?
13
Suppose 4*d - 3*b - 897 = 0, -2*b + 378 = 2*d - 74. List the prime factors of d.
3, 5
What are the prime factors of (-1)/(4/(-408)) + 3*1?
3, 5, 7
Suppose -97 = -3*x - 19. Suppose 3*f + m - 10 - 21 = 0, -4*m - x = -3*f. List the prime factors of f.
2, 5
Let t = 108 - 50. List the prime factors of t.
2, 29
Let h = 239 + -158. What are the prime factors of h?
3
Suppose 2*f = 7*f - 285. What are the prime factors of f?
3, 19
Let r be 3 - 1/(2/(-78)). Suppose z - s - 20 = 0, -5*z - 2*s = r - 156. List the prime factors of z.
2, 11
Suppose l = 4*l - 189. Let s = -37 + l. What are the prime factors of s?
2, 13
Suppose -3*i - 12 = -5*i. Suppose -i*z + 2*z + 20 = 0. Suppose -2*o + z*o - 42 = 0. List the prime factors of o.
2, 7
Let u be 20 - (-2 + 2 + 2). Let k be 2/(3/u*4). Suppose -4*b + 2*v = -8, k*v = -0*v. What are the prime factors of b?
2
Let b be -2 + -1 + 5/1. Let p be (-1)/((-2)/(b - -84)). Suppose 5*k - 2*u = p, 0*k - 11 = -k - 2*u. List the prime factors of k.
3
Suppose -2*k = -k - 4*y - 33, 2*y + 109 = 3*k. List the prime factors of k.
37
Suppose -280 = -u + 3*q, -3 = q - 0. List the prime factors of u.
271
Let u(n) = n**3 - 9*n**2 + n + 1. What are the prime factors of u(9)?
2, 5
Let k be (-2)/12 + 23/(-6). List the prime factors of (-41)/k + 2/(-8).
2, 5
What are the prime factors of 2*(-2 - (-182)/4)?
3, 29
Suppose -4*t - 1 = -9. Suppose 0 = -t*i - 8, -2*n + 3*i + 33 = -17. Suppose -11 = -3*f + v, v - n = -5*f + 2*v. What are the prime factors of f?
2
Suppose -5*c - 20 = 0, 2 = m - 2*c + 4*c. List the prime factors of m.
2, 5
Let g = -1 - -1. What are the prime factors of 8 + -2*(g + 1)?
2, 3
Suppose -2*n + 7*n = 5*b + 915, 5*n = b + 903. Suppose -6*w + n = -w. Suppose r = -5*f + w, -4*r = -2*f + r + 36. What are the prime factors of f?
2
Let r = 41 + -5. List the prime factors of r.
2, 3
Suppose -5*w = -28 - 42. What are the prime factors of w?
2, 7
Let b = -23 - -33. List the prime factors of -3*(-2 - b/6).
11
Suppose -5*f - 10 = -3*r + 41, -r + 29 = -3*f. Suppose -2*l - l - 17 = -2*q, 2*l + 13 = 3*q. Let v = l - f. List the prime factors of v.
2
Let u = 39 - -67. List the prime factors of u.
2, 53
Let v = -11 + 18. Let y be 36/21 + 2/v. Suppose 8 = 4*m - y*m. What are the prime factors of m?
2
Let p(m) = 1. Let o(h) = h**2 + 2*h - 6. Let t(l) = o(l) - 3*p(l). List the prime factors of t(-8).
3, 13
Suppose -2*n = -3*n. Suppose t = -4*t - 3*q + 48, 4*t + 4*q - 40 = n. What are the prime factors of t?
3
Suppose -6*n = -75 - 363. What are the prime factors of n?
73
Let c = 44 - 24. Suppose o = -2*u + 2*o + c, -o = 2*u - 12. Suppose -5*b = -10, 0 = 3*p + b - 15 - u. What are the prime factors of p?
7
Suppose 0 = 5*c + 3*z - 99, 2*z + 13 - 37 = -c. List the prime factors of c.
2, 3
Suppose -3*t - 6 = -0*g + 3*g, 3 = t + 2*g. Let p(o) = -o**2 - 7*o + 3. Let s be p(t). Suppose s*f + 0*f - 24 = 0. What are the prime factors of f?
2
Let n(k) = -65*k - 9. What are the prime factors of n(-2)?
11
Suppose 0 = 15*s + 108 - 558. What are the prime factors of s?
2, 3, 5
Suppose -3*h + 6 = -3*b, -2*h + 0*b + 4*b = -4. Suppose h*l = 136 + 12. What are the prime factors of l/14 - (-2)/(-7)?
5
Suppose 0 = 2*i - 4*i + 36. Let z be 9/(2 + (-1)/2). Suppose -3*s - i = -z*s. List the prime factors of s.
2, 3
Suppose 3*o + 3*g - 258 = -0*g, -4*o + 364 = -g. What are the prime factors of o?
2, 3, 5
Let w(u) = u**3 + 5*u**2 + 3*u. Let n be w(-4). Suppose 1 = n*a - 5*q - 52, 0 = 5*a + 4*q - 15. List the prime factors of a.
7
Suppose 6*j - 112 = 2*j. What are the prime factors of 1*(-40)/j*-14?
2, 5
Let f = 1 + 1. Suppose 0 = -f*j - 3*k + 8, 4*j = -j + 4*k + 20. List the prime factors of ((-2)/4)/((-1)/j).
2
Suppose -5*n + 3 - 17 = j, -3*j = 5*n + 22. Let c be 1 + (-2)/(j/14). Suppose q = 5*q - c. List the prime factors of q.
2
Let y = 65 + 107. What are the prime factors of y?
2, 43
Suppose 0 = -7*q + 12*q - 1125. List the prime factors of q.
3, 5
Let f(o) = 1 - 3 - 4*o + 7*o. What are the prime factors of f(2)?
2
Suppose -4*o - 2*z = -420, 0 = -3*o + 4*z - 21 + 336. List the prime factors of o.
3, 5, 7
Suppose -5*l = -0*l - 160. List the prime factors of l.
2
Let b(k) = k**3 + 5*k**2 + k - 2. Let t(p) = p**2 - 4*p - 4. Let c be t(4). Let w be b(c). Suppose -2 + w = g. What are the prime factors of g?
2
Suppose -2*a = -4*a + 126. List the prime factors of a.
3, 7
Let l = -21 + 6. What are the prime factors of (2 + l/6)*-36?
2, 3
Suppose 2*a + 4 = 0, -4*a = 2*k + 2 - 6. Let c be (-13)/(-3) + k/9. Suppose 0 = -4*s - 5*q + 3*q + 20, 0 = c*s - 3*q - 25. List the prime factors of s.
5
Suppose -8 = -g + 5*g. Let w be ((-3)/g)/(2/44). Let j = w + -20. List the prime factors of j.
13
Let g = 9 - 6. Let s = 3 - g. Let v = s + 3. What are the prime factors of v?
3
Let z(q) = -11*q - 9. Let a(m) = -6*m - 5. Let b(k) = -5*a(k) + 3*z(k). What are the prime factors of b(-2)?
2
Let t = 10 - 7. What are the prime factors of ((-6)/t - -15)*1?
13
Let q(y) = 5*y + 2. Let j be q(1). Let d(m) = m**3 - 6*m**2 - 5*m + 6. List the prime factors of d(j).
2, 5
Suppose -3*z + 10 = 2*z. Let q be (-2)/4*z*-2. Suppose -3*t + q*o = -4*t - 1, 2*t - o = 8. What are the prime factors of t?
3
List the prime factors of (247/(-57))/((-2)/102).
13, 17
What are the prime factors of 1/(-5) + 6126/30?
2, 3, 17
Suppose 20*s = 21*s - 342. What are the prime factors of s?
2, 3, 19
Suppose 5*f - 7 = 3. Suppose -f*s + 24 = -4*s. Let p = s + 27. What are the prime factors of p?
3, 5
What are the prime factors of (-520)/(-39) + 2/(-6)?
13
Let r(h) = -h**3 + 16*h**2 - 15*h - 4. Let p be r(15). What are the prime factors of (1/p)/(4/(-304))?
19
Let v = 107 - 58. List the prime factors of v.
7
Let s(v) = v**2 - 5*v - 10. Let j be s(7). Suppose 2*a = 2*k - 20, -j*k = -k + 5*a + 2. Suppose 2*n = -0*n + k. List the prime factors of n.
3
Suppose -3*n = -8*n - x + 15, 0 = 4*n + 3*x - 12. What are the prime factors of n?
3
Suppose 10 = d + 1. Let i = -1 - -3. Suppose -3*t = i*j + 3*j - 36, -d = -3*j. List the prime factors of t.
7
Suppose 0 = 3*a - 92 - 52. Suppose 5*w - a = 4*w. Suppose 4*d - w = -0*d. List the prime factors of d.
2, 3
Let w(i) = -12*i**3 - 2*i. List the prime factors of w(-2).
2, 5
Suppose -m = -7*b + 4*b + 138, 184 = 4*b - 2*m. List the prime factors of b.
2, 23
Let y(a) = a**2 + 11*a + 12. Let r be y(-10). Suppose r*b = -b + 21. List the prime factors of (-6)/(-24) + b/4.
2
Suppose 2*c = c - 14. Let j be 15/21 - 4/c. Let g = 6 - j. List the prime factors of g.
5
Let o(w) be the first derivative of 0*w**2 - 1 + 0*w + 11/3*w**3. List the prime factors of o(-1).
11
Suppose 8 - 6 = g. List the prime factors of 14 + 3/(-5 + g).
13
Let g = 4 - 2. Suppose -g*c + 3 = -5. Suppose 4*d - c*a = -12, 2*d = d + 3*a - 13. What are the prime factors of d?
2
Let v(w) = w**3 - 4*w**2 - 3*w - 3. Let a be (3 - -12)*(-1)/(-3). Let k be v(a). Let l(u) = u - 5. What are the prime factors of l(k)?
2
Let w be (-1)/4*-3*-8. Let n(t) = -11 - 2*t + 11 - 8. List the prime factors of n(w).
2
Suppose -3*z = -0*z - 6. Suppose -2*n + 0*t - 3*t = -24, 2*n - z*t - 34 = 0. What are the prime factors of n?
3, 5
Suppose -2*j = 2*j + 36. Let r be 70/(-9) + 2/j. List the prime factors of (14/8)/((-1)/r).
2, 7
Suppose 9*r = 7*r + 76. What are the prime factors of r?
2, 19
Let b be 6/(-12) + 94/(-4). Let k = -14 - b. List the prime factors of k.
2, 5
What are the prime factors of 2*(-18)/(-8)*6?
3
Let i(d) be the first derivative of d**3/3 + d**2 - 3*d + 4. Let b(w) = -w + 2. Let a be b(0). List the prime factors of i(a).
5
Let r be 1 - -1 - (2 - 1). List the prime factors of 1*2 + r/1.
3
Let h = 119 + -2. What are the prime factors of h?
3, 13
Let x = -79 - -87. What are the prime factors of x?
2
Let c = -43 - -71. Suppose -2*b + c = 3*i, 2*b - 2*i = -0*i + 38. List the prime factors of b.
17
Let m = 32 + -30. Let s(h) be the second derivative of h**4/6 + h**3/6 - h. List the prime factors of s(m).
2, 5
Suppose -2*x - 2*x = -20. Let s be 35 - 3/((-3)/(-2)). Suppose 5*t - 18 = -4*v, x*t - 3*v +